{"id":852,"date":"2025-08-21T13:42:19","date_gmt":"2025-08-21T11:42:19","guid":{"rendered":"https:\/\/cselloakademia.hu\/?post_type=tribe_events&#038;p=852"},"modified":"2025-08-21T13:42:19","modified_gmt":"2025-08-21T11:42:19","slug":"cselloakademia-veszprem-2025-koncert-1","status":"publish","type":"tribe_events","link":"https:\/\/cselloakademia.hu\/de\/event\/cselloakademia-veszprem-2025-koncert-1\/","title":{"rendered":"Csell\u00f3akad\u00e9mia Veszpr\u00e9m 2025 Koncert #1"},"content":{"rendered":"<h3>Ny\u00e1r, Csell\u00f3k, Szvitek<\/h3>\n<p><strong>El\u0151ad\u00f3k: <\/strong><\/p>\n<ul>\n<li>Bul\u00e1th J\u00falia<\/li>\n<li>Haraszti Eszter<\/li>\n<li>Kiss Julianna<\/li>\n<li>Hanna Kreismayr<\/li>\n<li>Gabriel Mocuta<\/li>\n<li>Pais-Horv\u00e1th P\u00e9ter<\/li>\n<li>Paula Smole<\/li>\n<li>Johannes Spendier<\/li>\n<li>Marie Stelzer<\/li>\n<li>Johanna Wegscheider<\/li>\n<\/ul>\n<p>&nbsp;<\/p>\n<p>M\u0171sor: Johann Sebastian Bach I. G-d\u00far szvit, II. d-moll szvit, III. C-d\u00far szvit, IV. Esz-d\u00far szvit, V. c-moll szvit<\/p>\n<p>Helysz\u00edn: S\u00fcmegi Violin M\u0171hely \u00e9s Gal\u00e9ria<\/p>\n<p>8200 Veszpr\u00e9m, Th\u00f6k\u00f6ly utca 1. Auer H\u00e1z<\/p>\n","protected":false},"excerpt":{"rendered":"<p>Ny\u00e1r, Csell\u00f3k, Szvitek El\u0151ad\u00f3k: Bul\u00e1th J\u00falia Haraszti Eszter Kiss Julianna Hanna Kreismayr Gabriel Mocuta Pais-Horv\u00e1th P\u00e9ter Paula Smole Johannes Spendier Marie Stelzer Johanna Wegscheider &nbsp; M\u0171sor: Johann Sebastian Bach I. [&hellip;]<\/p>\n","protected":false},"author":1,"featured_media":0,"template":"","meta":{"pgc_sgb_lightbox_settings":"","_price":"","_stock":"","_tribe_ticket_header":"","_tribe_default_ticket_provider":"TEC\\Tickets\\Commerce\\Module","_tribe_ticket_capacity":"0","_ticket_start_date":"","_ticket_end_date":"","_tribe_ticket_show_description":"","_tribe_ticket_show_not_going":false,"_tribe_ticket_use_global_stock":"","_tribe_ticket_global_stock_level":"","_global_stock_mode":"","_global_stock_cap":"","_tribe_rsvp_for_event":"","_tribe_ticket_going_count":"","_tribe_ticket_not_going_count":"","_tribe_tickets_list":"[]","_tribe_ticket_has_attendee_info_fields":false,"_EventAllDay":false,"_EventTimezone":"UTC+2","_EventStartDate":"2025-08-23 19:00:00","_EventEndDate":"2025-08-23 21:00:00","_EventStartDateUTC":"2025-08-23 16:00:00","_EventEndDateUTC":"2025-08-23 18:00:00","_EventShowMap":true,"_EventShowMapLink":true,"_EventURL":"","_EventCost":"","_EventCostDescription":"","_EventCurrencySymbol":"","_EventCurrencyCode":"","_EventCurrencyPosition":"","_EventDateTimeSeparator":"","_EventTimeRangeSeparator":"","_EventOrganizerID":[],"_EventVenueID":[853],"_OrganizerEmail":"","_OrganizerPhone":"","_OrganizerWebsite":"","_VenueAddress":"","_VenueCity":"","_VenueCountry":"","_VenueProvince":"","_VenueState":"","_VenueZip":"","_VenuePhone":"","_VenueURL":"","_VenueStateProvince":"","_VenueLat":"","_VenueLng":"","_VenueShowMap":false,"_VenueShowMapLink":false,"_tribe_events_status":"","_tribe_events_status_reason":"","footnotes":"","_tec_slr_enabled":"","_tec_slr_layout":""},"tags":[],"tribe_events_cat":[],"class_list":["post-852","tribe_events","type-tribe_events","status-publish","hentry"],"aioseo_notices":[],"ticketed":false,"_links":{"self":[{"href":"https:\/\/cselloakademia.hu\/de\/wp-json\/wp\/v2\/tribe_events\/852","targetHints":{"allow":["GET"]}}],"collection":[{"href":"https:\/\/cselloakademia.hu\/de\/wp-json\/wp\/v2\/tribe_events"}],"about":[{"href":"https:\/\/cselloakademia.hu\/de\/wp-json\/wp\/v2\/types\/tribe_events"}],"author":[{"embeddable":true,"href":"https:\/\/cselloakademia.hu\/de\/wp-json\/wp\/v2\/users\/1"}],"version-history":[{"count":2,"href":"https:\/\/cselloakademia.hu\/de\/wp-json\/wp\/v2\/tribe_events\/852\/revisions"}],"predecessor-version":[{"id":855,"href":"https:\/\/cselloakademia.hu\/de\/wp-json\/wp\/v2\/tribe_events\/852\/revisions\/855"}],"wp:attachment":[{"href":"https:\/\/cselloakademia.hu\/de\/wp-json\/wp\/v2\/media?parent=852"}],"wp:term":[{"taxonomy":"post_tag","embeddable":true,"href":"https:\/\/cselloakademia.hu\/de\/wp-json\/wp\/v2\/tags?post=852"},{"taxonomy":"tribe_events_cat","embeddable":true,"href":"https:\/\/cselloakademia.hu\/de\/wp-json\/wp\/v2\/tribe_events_cat?post=852"}],"curies":[{"name":"wp","href":"https:\/\/api.w.org\/{rel}","templated":true}]}}

Csellóakadémia Veszprém 2025 Koncert #1

<h3>Nyár, Csellók, Szvitek</h3>
<p><strong>Előadók: </strong></p>
<ul>
<li>Buláth Júlia</li>
<li>Haraszti Eszter</li>
<li>Kiss Julianna</li>
<li>Hanna Kreismayr</li>
<li>Gabriel Mocuta</li>
<li>Pais-Horváth Péter</li>
<li>Paula Smole</li>
<li>Johannes Spendier</li>
<li>Marie Stelzer</li>
<li>Johanna Wegscheider</li>
</ul>
<p>&nbsp;</p>
<p>Műsor: Johann Sebastian Bach I. G-dúr szvit, II. d-moll szvit, III. C-dúr szvit, IV. Esz-dúr szvit, V. c-moll szvit</p>
<p>Helyszín: Sümegi Violin Műhely és Galéria</p>
<p>8200 Veszprém, Thököly utca 1. Auer Ház</p>

<p>Nyár, Csellók, Szvitek Előadók: Buláth Júlia Haraszti Eszter Kiss Julianna Hanna Kreismayr Gabriel Mocuta Pais-Horváth Péter Paula Smole Johannes Spendier Marie Stelzer Johanna Wegscheider &nbsp; Műsor: Johann Sebastian Bach I. [&hellip;]</p>
