{"id":91,"date":"2024-10-11T07:41:38","date_gmt":"2024-10-11T07:41:38","guid":{"rendered":"https:\/\/tuningcharts.com\/cselloakademia\/csellomania\/"},"modified":"2025-09-22T11:01:41","modified_gmt":"2025-09-22T09:01:41","slug":"csellomania","status":"publish","type":"page","link":"https:\/\/cselloakademia.hu\/de\/csellomania\/","title":{"rendered":"Csell\u00f3m\u00e1nia 2024"},"content":{"rendered":"\n<div class=\"wp-block-group alignfull has-base-background-color has-background has-global-padding is-content-justification-center is-layout-constrained wp-container-core-group-is-layout-733701de wp-block-group-is-layout-constrained\" style=\"margin-top:0;margin-bottom:0;padding-top:var(--wp--preset--spacing--50);padding-right:var(--wp--preset--spacing--50);padding-bottom:var(--wp--preset--spacing--50);padding-left:var(--wp--preset--spacing--50)\">\n<div class=\"wp-block-columns alignwide is-layout-flex wp-container-core-columns-is-layout-549b0c86 wp-block-columns-is-layout-flex\">\n<div class=\"wp-block-column is-layout-flow wp-block-column-is-layout-flow\" style=\"flex-basis:50%\">\n<figure class=\"wp-block-image size-full is-resized has-custom-border wp-duotone-unset-1\"><img loading=\"lazy\" decoding=\"async\" width=\"2560\" height=\"1036\" src=\"https:\/\/tuningcharts.com\/cselloakademia\/wp-content\/uploads\/2024\/10\/408111814_6820556768021559_3531057987633468928_n-1-scaled.jpg\" alt=\"\" class=\"wp-image-369\" style=\"border-style:none;border-width:0px;border-radius:26px;aspect-ratio:1;object-fit:cover;width:428px;height:auto\" srcset=\"https:\/\/cselloakademia.hu\/wp-content\/uploads\/2024\/10\/408111814_6820556768021559_3531057987633468928_n-1-scaled.jpg 2560w, https:\/\/cselloakademia.hu\/wp-content\/uploads\/2024\/10\/408111814_6820556768021559_3531057987633468928_n-1-300x121.jpg 300w, https:\/\/cselloakademia.hu\/wp-content\/uploads\/2024\/10\/408111814_6820556768021559_3531057987633468928_n-1-1024x414.jpg 1024w, https:\/\/cselloakademia.hu\/wp-content\/uploads\/2024\/10\/408111814_6820556768021559_3531057987633468928_n-1-768x311.jpg 768w, https:\/\/cselloakademia.hu\/wp-content\/uploads\/2024\/10\/408111814_6820556768021559_3531057987633468928_n-1-1536x621.jpg 1536w, https:\/\/cselloakademia.hu\/wp-content\/uploads\/2024\/10\/408111814_6820556768021559_3531057987633468928_n-1-2048x829.jpg 2048w\" sizes=\"auto, (max-width: 2560px) 100vw, 2560px\" \/><\/figure>\n<\/div>\n\n\n\n<div class=\"wp-block-column is-layout-flow wp-container-core-column-is-layout-119bc444 wp-block-column-is-layout-flow\" style=\"flex-basis:60%\">\n<p class=\"has-heading-font-family has-x-large-font-size\" style=\"line-height:1.2\">A program egy St\u00e1jerorsz\u00e1gban 20 \u00e9ve fantasztikusan m\u0171k\u00f6d\u0151 projekt adapt\u00e1ci\u00f3ja.<\/p>\n\n\n\n<div class=\"wp-block-columns is-layout-flex wp-container-core-columns-is-layout-87beb0d0 wp-block-columns-is-layout-flex\">\n<div class=\"wp-block-column is-layout-flow wp-block-column-is-layout-flow\">\n<p class=\"wp-container-content-9cfa9a5a\">2023-ban Leibnitzben 130 csellista j\u00e1tszott a sz\u00ednpadon 9-79 \u00e9vesig. Sok zeneiskol\u00e1s eg\u00e9sz \u00e9vben erre v\u00e1r, ez\u00e9rt iratkoztak be csell\u00f3zni \u00e9s esz\u00fckbe sem jut abbahagyni.<br>A Csell\u00f3m\u00e1nia ez\u00e9rt j\u00f6tt l\u00e9tre, hogy min\u00e9l t\u00f6bben j\u00e1rjanak zeneiskol\u00e1ba, a h\u00e9tk\u00f6znapi gyakorl\u00e1shoz plusz motiv\u00e1ci\u00f3t \u00e9s a k\u00f6z\u00f6s zen\u00e9l\u00e9sben \u00f6nfeledt \u00f6r\u00f6m\u00f6t tal\u00e1lhassanak!<br><\/p>\n<\/div>\n\n\n\n<div class=\"wp-block-column is-layout-flow wp-block-column-is-layout-flow\">\n<p>2023-ban -els\u00f6k\u00e9nt Magyarorsz\u00e1gon- a veszpr\u00e9mi Cserm\u00e1k Antal Zeneiskola adott otthont a rendezv\u00e9nynek. A nagy sikerre val\u00f3 tekintettel, a zeneiskola t\u00e1mogat\u00e1s\u00e1nak k\u00f6sz\u00f6nhet\u00f6en, 2024-ben \u00fajra Veszpr\u00e9mben tal\u00e1lkozunk!<\/p>\n<\/div>\n<\/div>\n<\/div>\n<\/div>\n<\/div>\n\n\n\n<div class=\"wp-block-group alignfull has-contrast-2-color has-text-color has-background has-link-color wp-elements-6276fef9feed7b4f3043884859e369fd is-layout-flow wp-block-group-is-layout-flow\" style=\"border-style:none;border-width:0px;background-color:#ffffff;min-height:0px;margin-top:0;margin-bottom:0;padding-top:var(--wp--preset--spacing--60);padding-right:var(--wp--preset--spacing--60);padding-bottom:var(--wp--preset--spacing--60);padding-left:var(--wp--preset--spacing--60)\">\n<div class=\"wp-block-group alignwide is-layout-flow wp-block-group-is-layout-flow\">\n<p class=\"has-text-align-center has-heading-font-family has-x-large-font-size\" style=\"font-style:normal;font-weight:400;line-height:1.2\">A csell\u00f3egy\u00fcttesben mindenkire sz\u00e1m\u00edtunk, csell\u00f3tan\u00e1rok, zeneiskol\u00e1sok, hobbycsellist\u00e1k\u2026 Szeretettel v\u00e1runk minden \u00e9rdekl\u0151d\u0151t!<\/p>\n<\/div>\n<\/div>\n\n\n\n<div class=\"wp-block-group alignfull has-base-2-color has-contrast-background-color has-text-color has-background has-link-color wp-elements-9ea0d09797cc863bd667ea7cbb65ce74 has-global-padding is-layout-constrained wp-container-core-group-is-layout-facafb6f wp-block-group-is-layout-constrained\" style=\"margin-top:0;margin-bottom:0;padding-top:var(--wp--preset--spacing--50);padding-right:var(--wp--preset--spacing--50);padding-bottom:var(--wp--preset--spacing--50);padding-left:var(--wp--preset--spacing--50)\">\n<div class=\"wp-block-columns alignwide is-layout-flex wp-container-core-columns-is-layout-d1c656ed wp-block-columns-is-layout-flex\">\n<div class=\"wp-block-column is-vertically-aligned-stretch is-layout-flow wp-block-column-is-layout-flow\" style=\"padding-right:0;flex-basis:60%\">\n<div class=\"wp-block-group is-vertical is-content-justification-stretch is-layout-flex wp-container-core-group-is-layout-ae24f51d wp-block-group-is-layout-flex\" style=\"min-height:100%\">\n<figure class=\"wp-block-image size-large is-resized is-style-rounded wp-duotone-unset-3 is-style-rounded--2\"><img loading=\"lazy\" decoding=\"async\" width=\"768\" height=\"1024\" src=\"https:\/\/tuningcharts.com\/cselloakademia\/wp-content\/uploads\/2024\/10\/407418164_6820559051354664_4065068225180601669_n-1-768x1024.jpg\" alt=\"\" class=\"wp-image-370\" style=\"width:449px;height:auto\" srcset=\"https:\/\/cselloakademia.hu\/wp-content\/uploads\/2024\/10\/407418164_6820559051354664_4065068225180601669_n-1-768x1024.jpg 768w, https:\/\/cselloakademia.hu\/wp-content\/uploads\/2024\/10\/407418164_6820559051354664_4065068225180601669_n-1-225x300.jpg 225w, https:\/\/cselloakademia.hu\/wp-content\/uploads\/2024\/10\/407418164_6820559051354664_4065068225180601669_n-1-1152x1536.jpg 1152w, https:\/\/cselloakademia.hu\/wp-content\/uploads\/2024\/10\/407418164_6820559051354664_4065068225180601669_n-1.jpg 1536w\" sizes=\"auto, (max-width: 768px) 100vw, 768px\" \/><\/figure>\n\n\n\n<p class=\"has-medium-font-size\"><\/p>\n<\/div>\n<\/div>\n\n\n\n<div class=\"wp-block-column is-vertically-aligned-center is-layout-flow wp-block-column-is-layout-flow\" style=\"flex-basis:40%\">\n<div class=\"wp-block-group has-global-padding is-layout-constrained wp-block-group-is-layout-constrained\">\n<p class=\"has-large-font-size\" style=\"font-style:normal;font-weight:500;line-height:1.2\">A Csell\u00f3m\u00e1nia projekt c\u00e9lja Veszpr\u00e9m megye, sz\u00e9lesebb k\u00f6rben a Balaton-r\u00e9gi\u00f3&nbsp; \u00e9s a Dun\u00e1nt\u00fal zeneiskol\u00e1ival kar\u00f6ltve egy \u00f3ri\u00e1si k\u00f6z\u00f6s csell\u00f3egy\u00fcttes l\u00e9trehoz\u00e1sa, a k\u00f6z\u00f6s zen\u00e9l\u00e9s, a csell\u00f3z\u00e1s \u00f6r\u00f6m\u00e9nek egy\u00fcttes \u00fcnnepl\u00e9se.<\/p>\n<\/div>\n<\/div>\n<\/div>\n<\/div>\n\n\n\n<div style=\"height:100px\" aria-hidden=\"true\" class=\"wp-block-spacer\"><\/div>\n\n\n\n<p class=\"has-large-font-size\" style=\"margin-top:0;margin-right:0;margin-bottom:0;margin-left:0\">&nbsp;Az \u00e1tiratokat egy st\u00e1jerorsz\u00e1gi csell\u00f3tan\u00e1r, Heinz Moser k\u00e9sz\u00edti, akinek eredeti c\u00e9lja a saj\u00e1t n\u00f6vend\u00e9kek motiv\u00e1l\u00e1sa volt. Ennek k\u00f6sz\u00f6nhet\u0151en minden \u00e9vben olyan feldolgoz\u00e1sok k\u00e9sz\u00fclnek, amelyekben minden koroszt\u00e1ly\u00fa \u00e9s felk\u00e9sz\u00fclts\u00e9g\u0171 csellista tal\u00e1l \u201elej\u00e1tszhat\u00f3t\u201c.&nbsp;A 4 sz\u00f3lam\u00fa \u00e1tiratok klasszikus, pop, rock, jazz \u00f6r\u00f6kz\u00f6ldek, n\u00e9pszer\u0171, ismert dallamok.<\/p>\n\n\n\n<div style=\"height:100px\" aria-hidden=\"true\" class=\"wp-block-spacer\"><\/div>\n\n\n\n<p><\/p>\n\n\n\n<p><\/p>\n","protected":false},"excerpt":{"rendered":"<p>A program egy St\u00e1jerorsz\u00e1gban 20 \u00e9ve fantasztikusan m\u0171k\u00f6d\u0151 projekt adapt\u00e1ci\u00f3ja. 2023-ban Leibnitzben 130 csellista j\u00e1tszott a sz\u00ednpadon 9-79 \u00e9vesig. Sok zeneiskol\u00e1s eg\u00e9sz \u00e9vben erre v\u00e1r, ez\u00e9rt iratkoztak be csell\u00f3zni \u00e9s [&hellip;]<\/p>\n","protected":false},"author":1,"featured_media":0,"parent":0,"menu_order":0,"comment_status":"closed","ping_status":"closed","template":"","meta":{"pgc_sgb_lightbox_settings":"","_price":"","_stock":"","_tribe_ticket_header":"","_tribe_default_ticket_provider":"","_tribe_ticket_capacity":"0","_ticket_start_date":"","_ticket_end_date":"","_tribe_ticket_show_description":"","_tribe_ticket_show_not_going":false,"_tribe_ticket_use_global_stock":"","_tribe_ticket_global_stock_level":"","_global_stock_mode":"","_global_stock_cap":"","_tribe_rsvp_for_event":"","_tribe_ticket_going_count":"","_tribe_ticket_not_going_count":"","_tribe_tickets_list":"[]","_tribe_ticket_has_attendee_info_fields":false,"_EventAllDay":false,"_EventTimezone":"","_EventStartDate":"","_EventEndDate":"","_EventStartDateUTC":"","_EventEndDateUTC":"","_EventShowMap":false,"_EventShowMapLink":false,"_EventURL":"","_EventCost":"","_EventCostDescription":"","_EventCurrencySymbol":"","_EventCurrencyCode":"","_EventCurrencyPosition":"","_EventDateTimeSeparator":"","_EventTimeRangeSeparator":"","_EventOrganizerID":[],"_EventVenueID":[],"_OrganizerEmail":"","_OrganizerPhone":"","_OrganizerWebsite":"","_VenueAddress":"","_VenueCity":"","_VenueCountry":"","_VenueProvince":"","_VenueState":"","_VenueZip":"","_VenuePhone":"","_VenueURL":"","_VenueStateProvince":"","_VenueLat":"","_VenueLng":"","_VenueShowMap":false,"_VenueShowMapLink":false,"footnotes":"","_tec_slr_enabled":"","_tec_slr_layout":""},"class_list":["post-91","page","type-page","status-publish","hentry"],"aioseo_notices":[],"ticketed":false,"_links":{"self":[{"href":"https:\/\/cselloakademia.hu\/de\/wp-json\/wp\/v2\/pages\/91","targetHints":{"allow":["GET"]}}],"collection":[{"href":"https:\/\/cselloakademia.hu\/de\/wp-json\/wp\/v2\/pages"}],"about":[{"href":"https:\/\/cselloakademia.hu\/de\/wp-json\/wp\/v2\/types\/page"}],"author":[{"embeddable":true,"href":"https:\/\/cselloakademia.hu\/de\/wp-json\/wp\/v2\/users\/1"}],"replies":[{"embeddable":true,"href":"https:\/\/cselloakademia.hu\/de\/wp-json\/wp\/v2\/comments?post=91"}],"version-history":[{"count":26,"href":"https:\/\/cselloakademia.hu\/de\/wp-json\/wp\/v2\/pages\/91\/revisions"}],"predecessor-version":[{"id":857,"href":"https:\/\/cselloakademia.hu\/de\/wp-json\/wp\/v2\/pages\/91\/revisions\/857"}],"wp:attachment":[{"href":"https:\/\/cselloakademia.hu\/de\/wp-json\/wp\/v2\/media?parent=91"}],"curies":[{"name":"wp","href":"https:\/\/api.w.org\/{rel}","templated":true}]}}

Csellómánia 2024

<div class="wp-block-group alignfull has-base-background-color has-background has-global-padding is-content-justification-center is-layout-constrained wp-container-core-group-is-layout-733701de wp-block-group-is-layout-constrained" style="margin-top:0;margin-bottom:0;padding-top:var(--wp--preset--spacing--50);padding-right:var(--wp--preset--spacing--50);padding-bottom:var(--wp--preset--spacing--50);padding-left:var(--wp--preset--spacing--50)">
<div class="wp-block-columns alignwide is-layout-flex wp-container-core-columns-is-layout-549b0c86 wp-block-columns-is-layout-flex">
<div class="wp-block-column is-layout-flow wp-block-column-is-layout-flow" style="flex-basis:50%">
<figure class="wp-block-image size-full is-resized has-custom-border wp-duotone-unset-1"><img loading="lazy" decoding="async" width="2560" height="1036" src="https://tuningcharts.com/cselloakademia/wp-content/uploads/2024/10/408111814_6820556768021559_3531057987633468928_n-1-scaled.jpg" alt="" class="wp-image-369" style="border-style:none;border-width:0px;border-radius:26px;aspect-ratio:1;object-fit:cover;width:428px;height:auto" srcset="https://cselloakademia.hu/wp-content/uploads/2024/10/408111814_6820556768021559_3531057987633468928_n-1-scaled.jpg 2560w, https://cselloakademia.hu/wp-content/uploads/2024/10/408111814_6820556768021559_3531057987633468928_n-1-300x121.jpg 300w, https://cselloakademia.hu/wp-content/uploads/2024/10/408111814_6820556768021559_3531057987633468928_n-1-1024x414.jpg 1024w, https://cselloakademia.hu/wp-content/uploads/2024/10/408111814_6820556768021559_3531057987633468928_n-1-768x311.jpg 768w, https://cselloakademia.hu/wp-content/uploads/2024/10/408111814_6820556768021559_3531057987633468928_n-1-1536x621.jpg 1536w, https://cselloakademia.hu/wp-content/uploads/2024/10/408111814_6820556768021559_3531057987633468928_n-1-2048x829.jpg 2048w" sizes="auto, (max-width: 2560px) 100vw, 2560px" /></figure>
</div>



<div class="wp-block-column is-layout-flow wp-container-core-column-is-layout-119bc444 wp-block-column-is-layout-flow" style="flex-basis:60%">
<p class="has-heading-font-family has-x-large-font-size" style="line-height:1.2">A program egy Stájerországban 20 éve fantasztikusan működő projekt adaptációja.</p>



<div class="wp-block-columns is-layout-flex wp-container-core-columns-is-layout-87beb0d0 wp-block-columns-is-layout-flex">
<div class="wp-block-column is-layout-flow wp-block-column-is-layout-flow">
<p class="wp-container-content-9cfa9a5a">2023-ban Leibnitzben 130 csellista játszott a színpadon 9-79 évesig. Sok zeneiskolás egész évben erre vár, ezért iratkoztak be csellózni és eszükbe sem jut abbahagyni.<br>A Csellómánia ezért jött létre, hogy minél többen járjanak zeneiskolába, a hétköznapi gyakorláshoz plusz motivációt és a közös zenélésben önfeledt örömöt találhassanak!<br></p>
</div>



<div class="wp-block-column is-layout-flow wp-block-column-is-layout-flow">
<p>2023-ban -elsöként Magyarországon- a veszprémi Csermák Antal Zeneiskola adott otthont a rendezvénynek. A nagy sikerre való tekintettel, a zeneiskola támogatásának köszönhetöen, 2024-ben újra Veszprémben találkozunk!</p>
</div>
</div>
</div>
</div>
</div>



<div class="wp-block-group alignfull has-contrast-2-color has-text-color has-background has-link-color wp-elements-6276fef9feed7b4f3043884859e369fd is-layout-flow wp-block-group-is-layout-flow" style="border-style:none;border-width:0px;background-color:#ffffff;min-height:0px;margin-top:0;margin-bottom:0;padding-top:var(--wp--preset--spacing--60);padding-right:var(--wp--preset--spacing--60);padding-bottom:var(--wp--preset--spacing--60);padding-left:var(--wp--preset--spacing--60)">
<div class="wp-block-group alignwide is-layout-flow wp-block-group-is-layout-flow">
<p class="has-text-align-center has-heading-font-family has-x-large-font-size" style="font-style:normal;font-weight:400;line-height:1.2">A csellóegyüttesben mindenkire számítunk, csellótanárok, zeneiskolások, hobbycsellisták… Szeretettel várunk minden érdeklődőt!</p>
</div>
</div>



<div class="wp-block-group alignfull has-base-2-color has-contrast-background-color has-text-color has-background has-link-color wp-elements-9ea0d09797cc863bd667ea7cbb65ce74 has-global-padding is-layout-constrained wp-container-core-group-is-layout-facafb6f wp-block-group-is-layout-constrained" style="margin-top:0;margin-bottom:0;padding-top:var(--wp--preset--spacing--50);padding-right:var(--wp--preset--spacing--50);padding-bottom:var(--wp--preset--spacing--50);padding-left:var(--wp--preset--spacing--50)">
<div class="wp-block-columns alignwide is-layout-flex wp-container-core-columns-is-layout-d1c656ed wp-block-columns-is-layout-flex">
<div class="wp-block-column is-vertically-aligned-stretch is-layout-flow wp-block-column-is-layout-flow" style="padding-right:0;flex-basis:60%">
<div class="wp-block-group is-vertical is-content-justification-stretch is-layout-flex wp-container-core-group-is-layout-ae24f51d wp-block-group-is-layout-flex" style="min-height:100%">
<figure class="wp-block-image size-large is-resized is-style-rounded wp-duotone-unset-3 is-style-rounded--2"><img loading="lazy" decoding="async" width="768" height="1024" src="https://tuningcharts.com/cselloakademia/wp-content/uploads/2024/10/407418164_6820559051354664_4065068225180601669_n-1-768x1024.jpg" alt="" class="wp-image-370" style="width:449px;height:auto" srcset="https://cselloakademia.hu/wp-content/uploads/2024/10/407418164_6820559051354664_4065068225180601669_n-1-768x1024.jpg 768w, https://cselloakademia.hu/wp-content/uploads/2024/10/407418164_6820559051354664_4065068225180601669_n-1-225x300.jpg 225w, https://cselloakademia.hu/wp-content/uploads/2024/10/407418164_6820559051354664_4065068225180601669_n-1-1152x1536.jpg 1152w, https://cselloakademia.hu/wp-content/uploads/2024/10/407418164_6820559051354664_4065068225180601669_n-1.jpg 1536w" sizes="auto, (max-width: 768px) 100vw, 768px" /></figure>



<p class="has-medium-font-size"></p>
</div>
</div>



<div class="wp-block-column is-vertically-aligned-center is-layout-flow wp-block-column-is-layout-flow" style="flex-basis:40%">
<div class="wp-block-group has-global-padding is-layout-constrained wp-block-group-is-layout-constrained">
<p class="has-large-font-size" style="font-style:normal;font-weight:500;line-height:1.2">A Csellómánia projekt célja Veszprém megye, szélesebb körben a Balaton-régió&nbsp; és a Dunántúl zeneiskoláival karöltve egy óriási közös csellóegyüttes létrehozása, a közös zenélés, a csellózás örömének együttes ünneplése.</p>
</div>
</div>
</div>
</div>



<div style="height:100px" aria-hidden="true" class="wp-block-spacer"></div>



<p class="has-large-font-size" style="margin-top:0;margin-right:0;margin-bottom:0;margin-left:0">&nbsp;Az átiratokat egy stájerországi csellótanár, Heinz Moser készíti, akinek eredeti célja a saját növendékek motiválása volt. Ennek köszönhetően minden évben olyan feldolgozások készülnek, amelyekben minden korosztályú és felkészültségű csellista talál „lejátszhatót“.&nbsp;A 4 szólamú átiratok klasszikus, pop, rock, jazz örökzöldek, népszerű, ismert dallamok.</p>



<div style="height:100px" aria-hidden="true" class="wp-block-spacer"></div>



<p></p>



<p></p>

<p>A program egy Stájerországban 20 éve fantasztikusan működő projekt adaptációja. 2023-ban Leibnitzben 130 csellista játszott a színpadon 9-79 évesig. Sok zeneiskolás egész évben erre vár, ezért iratkoztak be csellózni és [&hellip;]</p>
