{"id":538,"date":"2024-10-27T12:15:17","date_gmt":"2024-10-27T10:15:17","guid":{"rendered":"https:\/\/cselloakademia.hu\/?page_id=538"},"modified":"2024-10-27T12:31:34","modified_gmt":"2024-10-27T10:31:34","slug":"leopold-cselloegyuttes","status":"publish","type":"page","link":"https:\/\/cselloakademia.hu\/de\/leopold-cselloegyuttes\/","title":{"rendered":"Leopold Csell\u00f3egy\u00fcttes"},"content":{"rendered":"\n<div class=\"wp-block-group alignfull has-accent-5-background-color has-background has-global-padding is-layout-constrained wp-container-core-group-is-layout-d89aad35 wp-block-group-is-layout-constrained\" style=\"margin-top:0;margin-bottom:0;padding-top:var(--wp--preset--spacing--50);padding-right:var(--wp--preset--spacing--50);padding-bottom:var(--wp--preset--spacing--50);padding-left:var(--wp--preset--spacing--50)\">\n<div class=\"wp-block-columns alignwide is-layout-flex wp-container-core-columns-is-layout-1da03c2a wp-block-columns-is-layout-flex\">\n<div class=\"wp-block-column is-vertically-aligned-center is-layout-flow wp-block-column-is-layout-flow\" style=\"flex-basis:60%\">\n<figure class=\"wp-block-image size-full is-style-rounded wp-duotone-unset-2 is-style-rounded--1\"><img loading=\"lazy\" decoding=\"async\" width=\"2500\" height=\"1875\" src=\"https:\/\/cselloakademia.hu\/wp-content\/uploads\/2024\/10\/5-1.jpg\" alt=\"\" class=\"wp-image-103\" style=\"aspect-ratio:4\/3;object-fit:cover\" srcset=\"https:\/\/cselloakademia.hu\/wp-content\/uploads\/2024\/10\/5-1.jpg 2500w, https:\/\/cselloakademia.hu\/wp-content\/uploads\/2024\/10\/5-1-300x225.jpg 300w, https:\/\/cselloakademia.hu\/wp-content\/uploads\/2024\/10\/5-1-1024x768.jpg 1024w, https:\/\/cselloakademia.hu\/wp-content\/uploads\/2024\/10\/5-1-768x576.jpg 768w, https:\/\/cselloakademia.hu\/wp-content\/uploads\/2024\/10\/5-1-1536x1152.jpg 1536w, https:\/\/cselloakademia.hu\/wp-content\/uploads\/2024\/10\/5-1-2048x1536.jpg 2048w, https:\/\/cselloakademia.hu\/wp-content\/uploads\/2024\/10\/5-1-1440x1080.jpg 1440w\" sizes=\"auto, (max-width: 2500px) 100vw, 2500px\" \/><\/figure>\n<\/div>\n\n\n\n<div class=\"wp-block-column is-layout-flow wp-block-column-is-layout-flow\" style=\"flex-basis:40%\">\n<h2 class=\"wp-block-heading\">Leopold Csell\u00f3egy\u00fcttes<\/h2>\n\n\n\n<p>A Rudolf Leopold k\u00f6r\u00e9 szervez\u0151d\u00f6tt csell\u00f3egy\u00fcttes 30 \u00e9ves m\u00faltra tekint vissza.<\/p>\n\n\n\n<p>Az egy\u00fcttes vezet\u00f6je, Rudolf Leopold, a legend\u00e1s Wiener Streichsextett egykori csellist\u00e1ja, a Kunstuniversit\u00e4t Graz nyugalmazott professzora, hossz\u00fa \u00e9vek \u00f3ta szenved\u00e9lyesen foglalkozik a zeneirodalom gy\u00f6ngyszemeinek csell\u00f3egy\u00fcttesre val\u00f3 \u00e1tdolgoz\u00e1s\u00e1val.<\/p>\n\n\n\n<p>Az egykori n\u00f6vend\u00e9kekb\u0151l, k\u00e9s\u0151bbi koll\u00e9g\u00e1kb\u00f3l \u00e1ll\u00f3 egy\u00fcttes rendszeres szerepl\u00f6je a gr\u00e1ci \u201eStyriarte\u201c fesztiv\u00e1lnak, valamint a Leopold M\u00fazeum koncertsorozatainak.<\/p>\n\n\n\n<p>A Csell\u00f3akad\u00e9mia Veszpr\u00e9m alakul\u00e1sakor az egy\u00fctteshez a magyar zenei \u00e9let kiv\u00e1l\u00f3s\u00e1gai is csatlakoztak.<\/p>\n\n\n\n<p><\/p>\n\n\n\n<div class=\"wp-block-buttons is-layout-flex wp-block-buttons-is-layout-flex\">\n<div class=\"wp-block-button\"><a class=\"wp-block-button__link wp-element-button\" href=\"https:\/\/cselloakademia.hu\/muveszek\/\">M\u0171v\u00e9szeink<\/a><\/div>\n\n\n\n<div class=\"wp-block-button is-style-outline is-style-outline--3\"><a class=\"wp-block-button__link wp-element-button\" href=\"https:\/\/cselloakademia.hu\/archiv\/\">Archivum<\/a><\/div>\n<\/div>\n<\/div>\n<\/div>\n<\/div>\n\n\n\n<div class=\"wp-block-group alignfull has-global-padding is-layout-constrained wp-container-core-group-is-layout-490fa1db wp-block-group-is-layout-constrained\" style=\"padding-top:var(--wp--preset--spacing--50);padding-right:var(--wp--preset--spacing--50);padding-bottom:var(--wp--preset--spacing--50);padding-left:var(--wp--preset--spacing--50)\">\n<div style=\"height:var(--wp--preset--spacing--30)\" aria-hidden=\"true\" class=\"wp-block-spacer\"><\/div>\n<\/div>\n\n\n\n<p><\/p>\n","protected":false},"excerpt":{"rendered":"<p>Leopold Csell\u00f3egy\u00fcttes A Rudolf Leopold k\u00f6r\u00e9 szervez\u0151d\u00f6tt csell\u00f3egy\u00fcttes 30 \u00e9ves m\u00faltra tekint vissza. Az egy\u00fcttes vezet\u00f6je, Rudolf Leopold, a legend\u00e1s Wiener Streichsextett egykori csellist\u00e1ja, a Kunstuniversit\u00e4t Graz nyugalmazott professzora, hossz\u00fa [&hellip;]<\/p>\n","protected":false},"author":1,"featured_media":0,"parent":0,"menu_order":0,"comment_status":"closed","ping_status":"closed","template":"","meta":{"pgc_sgb_lightbox_settings":"","_price":"","_stock":"","_tribe_ticket_header":"","_tribe_default_ticket_provider":"","_tribe_ticket_capacity":"0","_ticket_start_date":"","_ticket_end_date":"","_tribe_ticket_show_description":"","_tribe_ticket_show_not_going":false,"_tribe_ticket_use_global_stock":"","_tribe_ticket_global_stock_level":"","_global_stock_mode":"","_global_stock_cap":"","_tribe_rsvp_for_event":"","_tribe_ticket_going_count":"","_tribe_ticket_not_going_count":"","_tribe_tickets_list":"[]","_tribe_ticket_has_attendee_info_fields":false,"_EventAllDay":false,"_EventTimezone":"","_EventStartDate":"","_EventEndDate":"","_EventStartDateUTC":"","_EventEndDateUTC":"","_EventShowMap":false,"_EventShowMapLink":false,"_EventURL":"","_EventCost":"","_EventCostDescription":"","_EventCurrencySymbol":"","_EventCurrencyCode":"","_EventCurrencyPosition":"","_EventDateTimeSeparator":"","_EventTimeRangeSeparator":"","_EventOrganizerID":[],"_EventVenueID":[],"_OrganizerEmail":"","_OrganizerPhone":"","_OrganizerWebsite":"","_VenueAddress":"","_VenueCity":"","_VenueCountry":"","_VenueProvince":"","_VenueState":"","_VenueZip":"","_VenuePhone":"","_VenueURL":"","_VenueStateProvince":"","_VenueLat":"","_VenueLng":"","_VenueShowMap":false,"_VenueShowMapLink":false,"footnotes":"","_tec_slr_enabled":"","_tec_slr_layout":""},"class_list":["post-538","page","type-page","status-publish","hentry"],"aioseo_notices":[],"ticketed":false,"_links":{"self":[{"href":"https:\/\/cselloakademia.hu\/de\/wp-json\/wp\/v2\/pages\/538","targetHints":{"allow":["GET"]}}],"collection":[{"href":"https:\/\/cselloakademia.hu\/de\/wp-json\/wp\/v2\/pages"}],"about":[{"href":"https:\/\/cselloakademia.hu\/de\/wp-json\/wp\/v2\/types\/page"}],"author":[{"embeddable":true,"href":"https:\/\/cselloakademia.hu\/de\/wp-json\/wp\/v2\/users\/1"}],"replies":[{"embeddable":true,"href":"https:\/\/cselloakademia.hu\/de\/wp-json\/wp\/v2\/comments?post=538"}],"version-history":[{"count":9,"href":"https:\/\/cselloakademia.hu\/de\/wp-json\/wp\/v2\/pages\/538\/revisions"}],"predecessor-version":[{"id":550,"href":"https:\/\/cselloakademia.hu\/de\/wp-json\/wp\/v2\/pages\/538\/revisions\/550"}],"wp:attachment":[{"href":"https:\/\/cselloakademia.hu\/de\/wp-json\/wp\/v2\/media?parent=538"}],"curies":[{"name":"wp","href":"https:\/\/api.w.org\/{rel}","templated":true}]}}

Leopold Csellóegyüttes

<div class="wp-block-group alignfull has-accent-5-background-color has-background has-global-padding is-layout-constrained wp-container-core-group-is-layout-d89aad35 wp-block-group-is-layout-constrained" style="margin-top:0;margin-bottom:0;padding-top:var(--wp--preset--spacing--50);padding-right:var(--wp--preset--spacing--50);padding-bottom:var(--wp--preset--spacing--50);padding-left:var(--wp--preset--spacing--50)">
<div class="wp-block-columns alignwide is-layout-flex wp-container-core-columns-is-layout-1da03c2a wp-block-columns-is-layout-flex">
<div class="wp-block-column is-vertically-aligned-center is-layout-flow wp-block-column-is-layout-flow" style="flex-basis:60%">
<figure class="wp-block-image size-full is-style-rounded wp-duotone-unset-2 is-style-rounded--1"><img loading="lazy" decoding="async" width="2500" height="1875" src="https://cselloakademia.hu/wp-content/uploads/2024/10/5-1.jpg" alt="" class="wp-image-103" style="aspect-ratio:4/3;object-fit:cover" srcset="https://cselloakademia.hu/wp-content/uploads/2024/10/5-1.jpg 2500w, https://cselloakademia.hu/wp-content/uploads/2024/10/5-1-300x225.jpg 300w, https://cselloakademia.hu/wp-content/uploads/2024/10/5-1-1024x768.jpg 1024w, https://cselloakademia.hu/wp-content/uploads/2024/10/5-1-768x576.jpg 768w, https://cselloakademia.hu/wp-content/uploads/2024/10/5-1-1536x1152.jpg 1536w, https://cselloakademia.hu/wp-content/uploads/2024/10/5-1-2048x1536.jpg 2048w, https://cselloakademia.hu/wp-content/uploads/2024/10/5-1-1440x1080.jpg 1440w" sizes="auto, (max-width: 2500px) 100vw, 2500px" /></figure>
</div>



<div class="wp-block-column is-layout-flow wp-block-column-is-layout-flow" style="flex-basis:40%">
<h2 class="wp-block-heading">Leopold Csellóegyüttes</h2>



<p>A Rudolf Leopold köré szerveződött csellóegyüttes 30 éves múltra tekint vissza.</p>



<p>Az együttes vezetöje, Rudolf Leopold, a legendás Wiener Streichsextett egykori csellistája, a Kunstuniversität Graz nyugalmazott professzora, hosszú évek óta szenvedélyesen foglalkozik a zeneirodalom gyöngyszemeinek csellóegyüttesre való átdolgozásával.</p>



<p>Az egykori növendékekből, későbbi kollégákból álló együttes rendszeres szereplöje a gráci „Styriarte“ fesztiválnak, valamint a Leopold Múzeum koncertsorozatainak.</p>



<p>A Csellóakadémia Veszprém alakulásakor az együtteshez a magyar zenei élet kiválóságai is csatlakoztak.</p>



<p></p>



<div class="wp-block-buttons is-layout-flex wp-block-buttons-is-layout-flex">
<div class="wp-block-button"><a class="wp-block-button__link wp-element-button" href="https://cselloakademia.hu/muveszek/">Művészeink</a></div>



<div class="wp-block-button is-style-outline is-style-outline--3"><a class="wp-block-button__link wp-element-button" href="https://cselloakademia.hu/archiv/">Archivum</a></div>
</div>
</div>
</div>
</div>



<div class="wp-block-group alignfull has-global-padding is-layout-constrained wp-container-core-group-is-layout-490fa1db wp-block-group-is-layout-constrained" style="padding-top:var(--wp--preset--spacing--50);padding-right:var(--wp--preset--spacing--50);padding-bottom:var(--wp--preset--spacing--50);padding-left:var(--wp--preset--spacing--50)">
<div style="height:var(--wp--preset--spacing--30)" aria-hidden="true" class="wp-block-spacer"></div>
</div>



<p></p>

<p>Leopold Csellóegyüttes A Rudolf Leopold köré szerveződött csellóegyüttes 30 éves múltra tekint vissza. Az együttes vezetöje, Rudolf Leopold, a legendás Wiener Streichsextett egykori csellistája, a Kunstuniversität Graz nyugalmazott professzora, hosszú [&hellip;]</p>
