{"id":304,"date":"2024-10-18T22:06:38","date_gmt":"2024-10-18T22:06:38","guid":{"rendered":"https:\/\/tuningcharts.com\/cselloakademia\/?page_id=304"},"modified":"2024-10-18T22:11:43","modified_gmt":"2024-10-18T22:11:43","slug":"szabo-judit","status":"publish","type":"page","link":"https:\/\/cselloakademia.hu\/de\/szabo-judit\/","title":{"rendered":"Szab\u00f3 Judit"},"content":{"rendered":"\n<h1 class=\"wp-block-heading\">Szab\u00f3 Judit<\/h1>\n\n\n\n<div style=\"height:100px\" aria-hidden=\"true\" class=\"wp-block-spacer\"><\/div>\n\n\n\n<p><\/p>\n\n\n\n<div class=\"wp-block-columns alignfull is-layout-flex wp-container-core-columns-is-layout-28f84493 wp-block-columns-is-layout-flex\">\n<div class=\"wp-block-column is-layout-flow wp-block-column-is-layout-flow\" style=\"flex-basis:50%\">\n<div class=\"wp-block-cover is-light\" style=\"min-height:600px;aspect-ratio:unset;\"><span aria-hidden=\"true\" class=\"wp-block-cover__background has-base-background-color has-background-dim-100 has-background-dim\"><\/span><div class=\"wp-block-cover__inner-container is-layout-flow wp-block-cover-is-layout-flow\">\n<figure class=\"wp-block-image aligncenter size-large wp-duotone-unset-1\"><img loading=\"lazy\" decoding=\"async\" width=\"1024\" height=\"768\" src=\"https:\/\/tuningcharts.com\/cselloakademia\/wp-content\/uploads\/2024\/10\/10-1024x768.jpeg\" alt=\"\" class=\"wp-image-243\" srcset=\"https:\/\/cselloakademia.hu\/wp-content\/uploads\/2024\/10\/10-1024x768.jpeg 1024w, https:\/\/cselloakademia.hu\/wp-content\/uploads\/2024\/10\/10-300x225.jpeg 300w, https:\/\/cselloakademia.hu\/wp-content\/uploads\/2024\/10\/10-768x576.jpeg 768w, https:\/\/cselloakademia.hu\/wp-content\/uploads\/2024\/10\/10.jpeg 1280w\" sizes=\"auto, (max-width: 1024px) 100vw, 1024px\" \/><\/figure>\n<\/div><\/div>\n<\/div>\n\n\n\n<div class=\"wp-block-column is-vertically-aligned-center is-layout-flow wp-block-column-is-layout-flow\" style=\"padding-top:1em;padding-right:1em;padding-bottom:1em;padding-left:1em\">\n<div class=\"wp-block-columns is-layout-flex wp-container-core-columns-is-layout-28f84493 wp-block-columns-is-layout-flex\">\n<div class=\"wp-block-column is-layout-flow wp-block-column-is-layout-flow\" style=\"flex-basis:320px\">\n<p class=\"has-small-font-size\" style=\"line-height:1.6\"><strong>\u00c9letrajz<\/strong><\/p>\n\n\n\n<p class=\"has-medium-font-size\" style=\"line-height:1.6\">7 \u00e9vesen kezdett zen\u00e9t tanulni, Veszpr\u00e9mben. A zenem\u0171v\u00e9szeti szakk\u00f6z\u00e9piskola elv\u00e9gz\u00e9se ut\u00e1n tanulm\u00e1nyait a budapesti Zeneakad\u00e9mi\u00e1n folytatta, ahol Devich S\u00e1ndor, Ko\u00f3 Tam\u00e1s, Kurt\u00e1g Gy\u00f6rgy, Mih\u00e1ly Andr\u00e1s \u00e9s Rados Ferenc \u00f3r\u00e1it l\u00e1togatta. Alap\u00edt\u00f3ja volt az 1990-ben alakult Auer Von\u00f3sn\u00e9gyesnek, melynek tagjak\u00e9nt t\u00f6bb alkalommal r\u00e9szt vett az Amadeus Von\u00f3sn\u00e9gyes mesterkurzus\u00e1n. A kvartettel sz\u00e1mos d\u00edjat nyert nemzetk\u00f6zi versenyeken. 1992-t\u0151l 1998-ig a Budapesti Fesztiv\u00e1lzenekar \u00e1lland\u00f3 tagja, 2012-t\u0151l 2018-ig a Concerto Budapest csell\u00f3 sz\u00f3lamvezet\u0151je volt.<\/p>\n\n\n\n<p class=\"has-medium-font-size\" style=\"line-height:1.6\">1998 \u00e9s 2018 k\u00f6z\u00f6tt a Keller Von\u00f3sn\u00e9gyes csellist\u00e1jak\u00e9nt folyamatosan koncertezett a vil\u00e1g olyan jelent\u0151s koncerttermeiben, mint a new yorki Carnegie Hall, a z\u00fcrichi Tonhalle, vagy a londoni Wigmore Hall, lemezeik az ECM lemezkiad\u00f3 gondoz\u00e1s\u00e1ban jelentek meg.<\/p>\n\n\n\n<p class=\"has-medium-font-size\">Hangversenyein fell\u00e9pett Per\u00e9nyi Mikl\u00f3ssal, Kocsis Zolt\u00e1nnal, R\u00e1nki Dezs\u0151vel, Jevgenyij Koroljovval, Alekszej Ljubimovval, Heinz Holligerrel, Truls M\u00f8rkkal \u00e9s az Amadinda \u00dct\u0151egy\u00fcttessel. A kvartett tagjak\u00e9nt mesterkurzusokat tartott Eur\u00f3p\u00e1ban, \u00c1zsi\u00e1ban, visszat\u00e9r\u0151 vend\u00e9gtan\u00e1ra volt a Yale Egyetem ny\u00e1ri kamarazenei akad\u00e9mi\u00e1j\u00e1nak. 2013-t\u00f3l a Liszt Ferenc Zenem\u0171v\u00e9szeti Egyetem kamarazene tan\u00e1ra. T\u00f6bb nemzetk\u00f6zi kamarazenei verseny zs\u0171rij\u00e9nek munk\u00e1j\u00e1ban is r\u00e9szt vett. A budapesti UMZE Kamaraegy\u00fcttes tagja, 2017-t\u0151l a Central European String Quartet csellist\u00e1ja.<\/p>\n<\/div>\n<\/div>\n<\/div>\n<\/div>\n","protected":false},"excerpt":{"rendered":"<p>Szab\u00f3 Judit \u00c9letrajz 7 \u00e9vesen kezdett zen\u00e9t tanulni, Veszpr\u00e9mben. A zenem\u0171v\u00e9szeti szakk\u00f6z\u00e9piskola elv\u00e9gz\u00e9se ut\u00e1n tanulm\u00e1nyait a budapesti Zeneakad\u00e9mi\u00e1n folytatta, ahol Devich S\u00e1ndor, Ko\u00f3 Tam\u00e1s, Kurt\u00e1g Gy\u00f6rgy, Mih\u00e1ly Andr\u00e1s \u00e9s Rados [&hellip;]<\/p>\n","protected":false},"author":1,"featured_media":0,"parent":0,"menu_order":0,"comment_status":"closed","ping_status":"closed","template":"","meta":{"pgc_sgb_lightbox_settings":"","_price":"","_stock":"","_tribe_ticket_header":"","_tribe_default_ticket_provider":"","_tribe_ticket_capacity":"0","_ticket_start_date":"","_ticket_end_date":"","_tribe_ticket_show_description":"","_tribe_ticket_show_not_going":false,"_tribe_ticket_use_global_stock":"","_tribe_ticket_global_stock_level":"","_global_stock_mode":"","_global_stock_cap":"","_tribe_rsvp_for_event":"","_tribe_ticket_going_count":"","_tribe_ticket_not_going_count":"","_tribe_tickets_list":"[]","_tribe_ticket_has_attendee_info_fields":false,"_EventAllDay":false,"_EventTimezone":"","_EventStartDate":"","_EventEndDate":"","_EventStartDateUTC":"","_EventEndDateUTC":"","_EventShowMap":false,"_EventShowMapLink":false,"_EventURL":"","_EventCost":"","_EventCostDescription":"","_EventCurrencySymbol":"","_EventCurrencyCode":"","_EventCurrencyPosition":"","_EventDateTimeSeparator":"","_EventTimeRangeSeparator":"","_EventOrganizerID":[],"_EventVenueID":[],"_OrganizerEmail":"","_OrganizerPhone":"","_OrganizerWebsite":"","_VenueAddress":"","_VenueCity":"","_VenueCountry":"","_VenueProvince":"","_VenueState":"","_VenueZip":"","_VenuePhone":"","_VenueURL":"","_VenueStateProvince":"","_VenueLat":"","_VenueLng":"","_VenueShowMap":false,"_VenueShowMapLink":false,"footnotes":"","_tec_slr_enabled":"","_tec_slr_layout":""},"class_list":["post-304","page","type-page","status-publish","hentry"],"aioseo_notices":[],"ticketed":false,"_links":{"self":[{"href":"https:\/\/cselloakademia.hu\/de\/wp-json\/wp\/v2\/pages\/304","targetHints":{"allow":["GET"]}}],"collection":[{"href":"https:\/\/cselloakademia.hu\/de\/wp-json\/wp\/v2\/pages"}],"about":[{"href":"https:\/\/cselloakademia.hu\/de\/wp-json\/wp\/v2\/types\/page"}],"author":[{"embeddable":true,"href":"https:\/\/cselloakademia.hu\/de\/wp-json\/wp\/v2\/users\/1"}],"replies":[{"embeddable":true,"href":"https:\/\/cselloakademia.hu\/de\/wp-json\/wp\/v2\/comments?post=304"}],"version-history":[{"count":2,"href":"https:\/\/cselloakademia.hu\/de\/wp-json\/wp\/v2\/pages\/304\/revisions"}],"predecessor-version":[{"id":318,"href":"https:\/\/cselloakademia.hu\/de\/wp-json\/wp\/v2\/pages\/304\/revisions\/318"}],"wp:attachment":[{"href":"https:\/\/cselloakademia.hu\/de\/wp-json\/wp\/v2\/media?parent=304"}],"curies":[{"name":"wp","href":"https:\/\/api.w.org\/{rel}","templated":true}]}}

Szabó Judit

<h1 class="wp-block-heading">Szabó Judit</h1>



<div style="height:100px" aria-hidden="true" class="wp-block-spacer"></div>



<p></p>



<div class="wp-block-columns alignfull is-layout-flex wp-container-core-columns-is-layout-28f84493 wp-block-columns-is-layout-flex">
<div class="wp-block-column is-layout-flow wp-block-column-is-layout-flow" style="flex-basis:50%">
<div class="wp-block-cover is-light" style="min-height:600px;aspect-ratio:unset;"><span aria-hidden="true" class="wp-block-cover__background has-base-background-color has-background-dim-100 has-background-dim"></span><div class="wp-block-cover__inner-container is-layout-flow wp-block-cover-is-layout-flow">
<figure class="wp-block-image aligncenter size-large wp-duotone-unset-1"><img loading="lazy" decoding="async" width="1024" height="768" src="https://tuningcharts.com/cselloakademia/wp-content/uploads/2024/10/10-1024x768.jpeg" alt="" class="wp-image-243" srcset="https://cselloakademia.hu/wp-content/uploads/2024/10/10-1024x768.jpeg 1024w, https://cselloakademia.hu/wp-content/uploads/2024/10/10-300x225.jpeg 300w, https://cselloakademia.hu/wp-content/uploads/2024/10/10-768x576.jpeg 768w, https://cselloakademia.hu/wp-content/uploads/2024/10/10.jpeg 1280w" sizes="auto, (max-width: 1024px) 100vw, 1024px" /></figure>
</div></div>
</div>



<div class="wp-block-column is-vertically-aligned-center is-layout-flow wp-block-column-is-layout-flow" style="padding-top:1em;padding-right:1em;padding-bottom:1em;padding-left:1em">
<div class="wp-block-columns is-layout-flex wp-container-core-columns-is-layout-28f84493 wp-block-columns-is-layout-flex">
<div class="wp-block-column is-layout-flow wp-block-column-is-layout-flow" style="flex-basis:320px">
<p class="has-small-font-size" style="line-height:1.6"><strong>Életrajz</strong></p>



<p class="has-medium-font-size" style="line-height:1.6">7 évesen kezdett zenét tanulni, Veszprémben. A zeneművészeti szakközépiskola elvégzése után tanulmányait a budapesti Zeneakadémián folytatta, ahol Devich Sándor, Koó Tamás, Kurtág György, Mihály András és Rados Ferenc óráit látogatta. Alapítója volt az 1990-ben alakult Auer Vonósnégyesnek, melynek tagjaként több alkalommal részt vett az Amadeus Vonósnégyes mesterkurzusán. A kvartettel számos díjat nyert nemzetközi versenyeken. 1992-től 1998-ig a Budapesti Fesztiválzenekar állandó tagja, 2012-től 2018-ig a Concerto Budapest cselló szólamvezetője volt.</p>



<p class="has-medium-font-size" style="line-height:1.6">1998 és 2018 között a Keller Vonósnégyes csellistájaként folyamatosan koncertezett a világ olyan jelentős koncerttermeiben, mint a new yorki Carnegie Hall, a zürichi Tonhalle, vagy a londoni Wigmore Hall, lemezeik az ECM lemezkiadó gondozásában jelentek meg.</p>



<p class="has-medium-font-size">Hangversenyein fellépett Perényi Miklóssal, Kocsis Zoltánnal, Ránki Dezsővel, Jevgenyij Koroljovval, Alekszej Ljubimovval, Heinz Holligerrel, Truls Mørkkal és az Amadinda Ütőegyüttessel. A kvartett tagjaként mesterkurzusokat tartott Európában, Ázsiában, visszatérő vendégtanára volt a Yale Egyetem nyári kamarazenei akadémiájának. 2013-tól a Liszt Ferenc Zeneművészeti Egyetem kamarazene tanára. Több nemzetközi kamarazenei verseny zsűrijének munkájában is részt vett. A budapesti UMZE Kamaraegyüttes tagja, 2017-től a Central European String Quartet csellistája.</p>
</div>
</div>
</div>
</div>

<p>Szabó Judit Életrajz 7 évesen kezdett zenét tanulni, Veszprémben. A zeneművészeti szakközépiskola elvégzése után tanulmányait a budapesti Zeneakadémián folytatta, ahol Devich Sándor, Koó Tamás, Kurtág György, Mihály András és Rados [&hellip;]</p>
