{"id":291,"date":"2024-10-18T21:57:35","date_gmt":"2024-10-18T21:57:35","guid":{"rendered":"https:\/\/tuningcharts.com\/cselloakademia\/?page_id=291"},"modified":"2024-10-18T22:10:03","modified_gmt":"2024-10-18T22:10:03","slug":"elvis-herndl","status":"publish","type":"page","link":"https:\/\/cselloakademia.hu\/de\/elvis-herndl\/","title":{"rendered":"Elvis Herndl"},"content":{"rendered":"\n<h1 class=\"wp-block-heading\">Elvis Herndl<\/h1>\n\n\n\n<div style=\"height:100px\" aria-hidden=\"true\" class=\"wp-block-spacer\"><\/div>\n\n\n\n<div class=\"wp-block-columns alignfull is-layout-flex wp-container-core-columns-is-layout-28f84493 wp-block-columns-is-layout-flex\">\n<div class=\"wp-block-column is-layout-flow wp-block-column-is-layout-flow\" style=\"flex-basis:50%\">\n<div class=\"wp-block-cover is-light\" style=\"min-height:600px;aspect-ratio:unset;\"><span aria-hidden=\"true\" class=\"wp-block-cover__background has-base-background-color has-background-dim-100 has-background-dim\"><\/span><div class=\"wp-block-cover__inner-container is-layout-flow wp-block-cover-is-layout-flow\">\n<figure class=\"wp-block-image aligncenter size-large wp-duotone-unset-1\"><img loading=\"lazy\" decoding=\"async\" width=\"682\" height=\"1024\" src=\"https:\/\/tuningcharts.com\/cselloakademia\/wp-content\/uploads\/2024\/10\/elvis-682x1024.jpg\" alt=\"\" class=\"wp-image-248\" srcset=\"https:\/\/cselloakademia.hu\/wp-content\/uploads\/2024\/10\/elvis-682x1024.jpg 682w, https:\/\/cselloakademia.hu\/wp-content\/uploads\/2024\/10\/elvis-200x300.jpg 200w, https:\/\/cselloakademia.hu\/wp-content\/uploads\/2024\/10\/elvis-768x1153.jpg 768w, https:\/\/cselloakademia.hu\/wp-content\/uploads\/2024\/10\/elvis-1023x1536.jpg 1023w, https:\/\/cselloakademia.hu\/wp-content\/uploads\/2024\/10\/elvis.jpg 1066w\" sizes=\"auto, (max-width: 682px) 100vw, 682px\" \/><\/figure>\n<\/div><\/div>\n<\/div>\n\n\n\n<div class=\"wp-block-column is-vertically-aligned-center is-layout-flow wp-block-column-is-layout-flow\" style=\"padding-top:1em;padding-right:1em;padding-bottom:1em;padding-left:1em\">\n<div class=\"wp-block-columns is-layout-flex wp-container-core-columns-is-layout-28f84493 wp-block-columns-is-layout-flex\">\n<div class=\"wp-block-column is-layout-flow wp-block-column-is-layout-flow\" style=\"flex-basis:320px\">\n<p class=\"has-small-font-size\" style=\"line-height:1.6\"><strong>\u00c9letrajz<\/strong><\/p>\n\n\n\n<p class=\"has-medium-font-size\" style=\"line-height:1.6\">Elvis Herndl Grazban sz\u00fcletett, 2005-ben. A J.J.Fux konzervat\u00f3riumban Thomas Platzgummer, a Kunstuniversit\u00e4t Graz el\u00f6k\u00e9sz\u00edt\u00f6tagozat\u00e1n Moln\u00e1r Andrea oszt\u00e1ly\u00e1ban tanul csell\u00f3zni.<\/p>\n\n\n\n<p>Elvis sz\u00e1mos eur\u00f3pai csell\u00f3verseny d\u00edjazottja, t\u00f6bbek k\u00f6z\u00f6tt Prima la Musica, Ursula Grill, Liezen, Anna Kull, IMF Goldene Note (A); Janigro (HRV); Dotzauer (D); Heranova, Vichytil (CZE); Euterpe, Giovani Musicisti, Ars Nova, Musica Goritiensis (I); Svirel, Oskar Rieding (SLO); Popper (HU).<\/p>\n\n\n\n<p>Mesterkurzusok Rudolf Leopold, David Geringas, Varga Tam\u00e1s, Somodari P\u00e9ter, J\u00f6rg Widmann, Thomas Grossenbacher, Julian Arp \u00e9s Johannes Krebs ir\u00e1ny\u00edt\u00e1sa alatt, valamint megh\u00edv\u00e1sok a Kronberg Akademie (D)\u00e9s a Hirschmann-Stiftung (CH)kurzusaira seg\u00edtik Elvis szakmai fejl\u0151d\u00e9s\u00e9t.<\/p>\n\n\n\n<p>A JEM-Trio, valamint a testv\u00e9r\u00e9vel, Lysanderrel alap\u00edtott nagyb\u00f6g\u00f6 -csell\u00f3 duo<\/p>\n\n\n\n<p>tagjak\u00e9nt a B\u00e9csi Konzerthausban \u00e9s a Berlini Filharm\u00f3ni\u00e1ban is fell\u00e9phetett.<\/p>\n\n\n\n<p class=\"has-medium-font-size\" style=\"line-height:1.6\">Elvis a Nemzetk\u00f6zi Lichtenstein Akad\u00e9mia (FL) \u00f6szt\u00f6nd\u00edjasa \u00e9s 2022-ben a B\u00e9csi Szimf\u00f3nikusok Young Talent programj\u00e1nak nyertese.<\/p>\n<\/div>\n<\/div>\n<\/div>\n<\/div>\n","protected":false},"excerpt":{"rendered":"<p>Elvis Herndl \u00c9letrajz Elvis Herndl Grazban sz\u00fcletett, 2005-ben. A J.J.Fux konzervat\u00f3riumban Thomas Platzgummer, a Kunstuniversit\u00e4t Graz el\u00f6k\u00e9sz\u00edt\u00f6tagozat\u00e1n Moln\u00e1r Andrea oszt\u00e1ly\u00e1ban tanul csell\u00f3zni. Elvis sz\u00e1mos eur\u00f3pai csell\u00f3verseny d\u00edjazottja, t\u00f6bbek k\u00f6z\u00f6tt Prima [&hellip;]<\/p>\n","protected":false},"author":1,"featured_media":0,"parent":0,"menu_order":0,"comment_status":"closed","ping_status":"closed","template":"","meta":{"pgc_sgb_lightbox_settings":"","_price":"","_stock":"","_tribe_ticket_header":"","_tribe_default_ticket_provider":"","_tribe_ticket_capacity":"0","_ticket_start_date":"","_ticket_end_date":"","_tribe_ticket_show_description":"","_tribe_ticket_show_not_going":false,"_tribe_ticket_use_global_stock":"","_tribe_ticket_global_stock_level":"","_global_stock_mode":"","_global_stock_cap":"","_tribe_rsvp_for_event":"","_tribe_ticket_going_count":"","_tribe_ticket_not_going_count":"","_tribe_tickets_list":"[]","_tribe_ticket_has_attendee_info_fields":false,"_EventAllDay":false,"_EventTimezone":"","_EventStartDate":"","_EventEndDate":"","_EventStartDateUTC":"","_EventEndDateUTC":"","_EventShowMap":false,"_EventShowMapLink":false,"_EventURL":"","_EventCost":"","_EventCostDescription":"","_EventCurrencySymbol":"","_EventCurrencyCode":"","_EventCurrencyPosition":"","_EventDateTimeSeparator":"","_EventTimeRangeSeparator":"","_EventOrganizerID":[],"_EventVenueID":[],"_OrganizerEmail":"","_OrganizerPhone":"","_OrganizerWebsite":"","_VenueAddress":"","_VenueCity":"","_VenueCountry":"","_VenueProvince":"","_VenueState":"","_VenueZip":"","_VenuePhone":"","_VenueURL":"","_VenueStateProvince":"","_VenueLat":"","_VenueLng":"","_VenueShowMap":false,"_VenueShowMapLink":false,"footnotes":"","_tec_slr_enabled":"","_tec_slr_layout":""},"class_list":["post-291","page","type-page","status-publish","hentry"],"aioseo_notices":[],"ticketed":false,"_links":{"self":[{"href":"https:\/\/cselloakademia.hu\/de\/wp-json\/wp\/v2\/pages\/291","targetHints":{"allow":["GET"]}}],"collection":[{"href":"https:\/\/cselloakademia.hu\/de\/wp-json\/wp\/v2\/pages"}],"about":[{"href":"https:\/\/cselloakademia.hu\/de\/wp-json\/wp\/v2\/types\/page"}],"author":[{"embeddable":true,"href":"https:\/\/cselloakademia.hu\/de\/wp-json\/wp\/v2\/users\/1"}],"replies":[{"embeddable":true,"href":"https:\/\/cselloakademia.hu\/de\/wp-json\/wp\/v2\/comments?post=291"}],"version-history":[{"count":5,"href":"https:\/\/cselloakademia.hu\/de\/wp-json\/wp\/v2\/pages\/291\/revisions"}],"predecessor-version":[{"id":313,"href":"https:\/\/cselloakademia.hu\/de\/wp-json\/wp\/v2\/pages\/291\/revisions\/313"}],"wp:attachment":[{"href":"https:\/\/cselloakademia.hu\/de\/wp-json\/wp\/v2\/media?parent=291"}],"curies":[{"name":"wp","href":"https:\/\/api.w.org\/{rel}","templated":true}]}}

<h1 class="wp-block-heading">Elvis Herndl</h1>



<div style="height:100px" aria-hidden="true" class="wp-block-spacer"></div>



<div class="wp-block-columns alignfull is-layout-flex wp-container-core-columns-is-layout-28f84493 wp-block-columns-is-layout-flex">
<div class="wp-block-column is-layout-flow wp-block-column-is-layout-flow" style="flex-basis:50%">
<div class="wp-block-cover is-light" style="min-height:600px;aspect-ratio:unset;"><span aria-hidden="true" class="wp-block-cover__background has-base-background-color has-background-dim-100 has-background-dim"></span><div class="wp-block-cover__inner-container is-layout-flow wp-block-cover-is-layout-flow">
<figure class="wp-block-image aligncenter size-large wp-duotone-unset-1"><img loading="lazy" decoding="async" width="682" height="1024" src="https://tuningcharts.com/cselloakademia/wp-content/uploads/2024/10/elvis-682x1024.jpg" alt="" class="wp-image-248" srcset="https://cselloakademia.hu/wp-content/uploads/2024/10/elvis-682x1024.jpg 682w, https://cselloakademia.hu/wp-content/uploads/2024/10/elvis-200x300.jpg 200w, https://cselloakademia.hu/wp-content/uploads/2024/10/elvis-768x1153.jpg 768w, https://cselloakademia.hu/wp-content/uploads/2024/10/elvis-1023x1536.jpg 1023w, https://cselloakademia.hu/wp-content/uploads/2024/10/elvis.jpg 1066w" sizes="auto, (max-width: 682px) 100vw, 682px" /></figure>
</div></div>
</div>



<div class="wp-block-column is-vertically-aligned-center is-layout-flow wp-block-column-is-layout-flow" style="padding-top:1em;padding-right:1em;padding-bottom:1em;padding-left:1em">
<div class="wp-block-columns is-layout-flex wp-container-core-columns-is-layout-28f84493 wp-block-columns-is-layout-flex">
<div class="wp-block-column is-layout-flow wp-block-column-is-layout-flow" style="flex-basis:320px">
<p class="has-small-font-size" style="line-height:1.6"><strong>Életrajz</strong></p>



<p class="has-medium-font-size" style="line-height:1.6">Elvis Herndl Grazban született, 2005-ben. A J.J.Fux konzervatóriumban Thomas Platzgummer, a Kunstuniversität Graz elökészítötagozatán Molnár Andrea osztályában tanul csellózni.</p>



<p>Elvis számos európai csellóverseny díjazottja, többek között Prima la Musica, Ursula Grill, Liezen, Anna Kull, IMF Goldene Note (A); Janigro (HRV); Dotzauer (D); Heranova, Vichytil (CZE); Euterpe, Giovani Musicisti, Ars Nova, Musica Goritiensis (I); Svirel, Oskar Rieding (SLO); Popper (HU).</p>



<p>Mesterkurzusok Rudolf Leopold, David Geringas, Varga Tamás, Somodari Péter, Jörg Widmann, Thomas Grossenbacher, Julian Arp és Johannes Krebs irányítása alatt, valamint meghívások a Kronberg Akademie (D)és a Hirschmann-Stiftung (CH)kurzusaira segítik Elvis szakmai fejlődését.</p>



<p>A JEM-Trio, valamint a testvérével, Lysanderrel alapított nagybögö -cselló duo</p>



<p>tagjaként a Bécsi Konzerthausban és a Berlini Filharmóniában is felléphetett.</p>



<p class="has-medium-font-size" style="line-height:1.6">Elvis a Nemzetközi Lichtenstein Akadémia (FL) ösztöndíjasa és 2022-ben a Bécsi Szimfónikusok Young Talent programjának nyertese.</p>
</div>
</div>
</div>
</div>

<p>Elvis Herndl Életrajz Elvis Herndl Grazban született, 2005-ben. A J.J.Fux konzervatóriumban Thomas Platzgummer, a Kunstuniversität Graz elökészítötagozatán Molnár Andrea osztályában tanul csellózni. Elvis számos európai csellóverseny díjazottja, többek között Prima [&hellip;]</p>
